, what is 473a - 0?
473a
In base 10, what is 10 + -2177?
-2167
In base 7, what is 1106 + -2?
1104
In base 2, what is 1101 - -111101101?
111111010
In base 15, what is -228c - 3?
-2290
In base 11, what is -3 + 26?
23
In base 10, what is -5 - -41?
36
In base 5, what is 1033 - 1?
1032
In base 4, what is -11 - 220?
-231
In base 7, what is 265 - -13?
311
In base 12, what is 3 + 100?
103
In base 3, what is 11001 - 1?
11000
In base 10, what is 2117 + 1?
2118
In base 11, what is 0 + 1a?
1a
In base 13, what is -39 - -2?
-37
In base 9, what is -155 + 3?
-152
In base 13, what is -9 + 528?
51c
In base 13, what is -c0c - -6?
-c06
In base 8, what is -1 - -52?
51
In base 4, what is 20 + 112?
132
In base 16, what is -1 - 3b?
-3c
In base 2, what is 1001 - 110?
11
In base 13, what is -c + 593?
584
In base 6, what is 1 + 11500?
11501
In base 3, what is -1100 - 101222?
-110022
In base 4, what is -110111 + 12?
-110033
In base 11, what is -4 + -7?
-10
In base 14, what is -81 - 0?
-81
In base 12, what is -4 - -2b?
27
In base 9, what is -16 - -664?
647
In base 13, what is 2 - 5a2?
-5a0
In base 15, what is d + -21a?
-20c
In base 16, what is 5b51 - -4?
5b55
In base 9, what is 4 - -4?
8
In base 6, what is 11013 + 4?
11021
In base 10, what is 5291 - -4?
5295
In base 15, what is -1 + -1ec?
-1ed
In base 6, what is 3230 - 1?
3225
In base 2, what is -10100 - -100?
-10000
In base 7, what is 3416 - -5?
3424
In base 3, what is -2002101201 - -11?
-2002101120
In base 2, what is 101 + 110100111?
110101100
In base 15, what is 6a9 + 3?
6ac
In base 4, what is 11200313 - 3?
11200310
In base 8, what is 2 - -1457?
1461
In base 7, what is 3526 + -2?
3524
In base 12, what is 5a8 + -1?
5a7
In base 7, what is -55 - 23?
-111
In base 9, what is 4 - 75?
-71
In base 12, what is 20 - 3?
19
In base 9, what is -18 - 62?
-81
In base 4, what is -2122 - -10?
-2112
In base 5, what is 203 + -1041?
-333
In base 5, what is -43011 + 3?
-43003
In base 3, what is 11 - 2021102?
-2021021
In base 8, what is -2 - 26?
-30
In base 13, what is 4 - -1138?
113c
In base 10, what is -2 + -31?
-33
In base 7, what is -4 + -633?
-640
In base 5, what is -2 - -133202?
133200
In base 12, what is 93 + -103?
-30
In base 12, what is 7a + 12?
90
In base 15, what is b07 - 2?
b05
In base 11, what is -18 + -17?
-34
In base 12, what is 4 - -2b60?
2b64
In base 10, what is -381 + -23?
-404
In base 13, what is -1b + 3?
-18
In base 6, what is -11030 + 10?
-11020
In base 3, what is 20020 + 2?
20022
In base 12, what is 971 + -1?
970
In base 12, what is 8b - -5?
94
In base 11, what is 1 + 189?
18a
In base 4, what is 100130 - 32?
100032
In base 6, what is -2 + 4251?
4245
In base 2, what is -11001111000 + -1?
-11001111001
In base 7, what is -10 + -4?
-14
In base 3, what is 11 - -21010?
21021
In base 9, what is -54 - -13?
-41
In base 13, what is 4 + 17?
1b
In base 13, what is 2 - -4a?
4c
In base 16, what is e - -12?
20
In base 14, what is c17 - 2?
c15
In base 6, what is -543 - 2?
-545
In base 15, what is 0 - 23?
-23
In base 5, what is 4212 - 22?
4140
In base 6, what is 3041 + -3?
3034
In base 3, what is 120 + 12?
202
In base 2, what is 1001 - 1?
1000
In base 15, what is -1883 - 3?
-1886
In base 11, what is 2183 - -1?
2184
In base 4, what is 11 + -12?
-1
In base 8, what is -231 - 2?
-233
In base 6, what is 43 - -533?
1020
In base 12, what is 1 + 65?
66
In base 12, what is 1691 - 0?
1691
In base 11, what is 124 + 3?
127
In base 3, what is -2101 + -1?
-2102
In base 4, what is 11 + -20003?
-13332
In base 15, what is -729 + -3?
-72c
In base 12, what is -5 - -46?
41
In base 6, what is 101 + -14?
43
In base 11, what is 5 - -51?
56
In base 10, what is -9172 - 5?
-9177
In base 4, what is -3 - 203?
-212
In base 10, what is 8 - 492?
-484
In base 3, what is 2102200201 + 10?
2102200211
In base 2, what is 11011 - 101?
10110
In base 4, what is 233 - 2?
231
In base 4, what is 3 + -11110?
-11101
In base 5, what is -210 - -11?
-144
In base 11, what is 2 - -a15?
a17
In base 6, what is 4 + 1534?
1542
In base 5, what is -303 - -4?
-244
In base 6, what is -1255 + -4?
-1303
In base 12, what is 3 - -b6?
b9
In base 7, what is -505 - -1?
-504
In base 3, what is 2 + -210210?
-210201
In base 12, what is -3 + 10b?
108
In base 3, what is -102 + 11?
-21
In base 4, what is 2021 - 1232?
123
In base 4, what is 103 + -11200?
-11031
In base 2, what is 0 - 10001?
-10001
In base 7, what is 352 - -100?
452
In base 11, what is 754 - -4?
758
In base 15, what is 3e + ac?
eb
In base 16, what is -1e + 12?
-c
In base 7, what is -2 + 450?
445
In base 11, what is a - -2?
11
In base 6, what is 4 + 305?
313
In base 6, what is -1 + -354?
-355
In base 3, what is 21 + 121?
212
In base 6, what is 34 + -34?
0
In base 6, what is -3252 + -10?
-3302
In base 2, what is -11100 + -11110?
-111010
In base 5, what is -30 - -320?
240
In base 13, what is -16a - 4?
-171
In base 9, what is 172 + -2?
170
In base 4, what is -1220233 + 3?
-1220230
In base 13, what is -8c + -10?
-9c
In base 5, what is 1122 - -1?
1123
In base 8, what is 4 + 237?
243
In base 6, what is -315 - 4?
-323
In base 15, what is 8c3 - 4?
8be
In base 15, what is 13 - -1d?
31
In base 10, what is 2 + -282?
-280
In base 3, what is 11221 - 12?
11202
In base 9, what is -13574 + -5?
-13580
In base 11, what is -262 - -4?
-259
In base 7, what is -4 - -3164?
3160
In base 12, what is -21 - 1?
-22
In base 2, what is -10 + -100011010?
-100011100
In base 5, what is 0 - -13434?
13434
In base 15, what is 1 - -5?
6
In base 12, what is 1b + -3ab?
-390
In base 3, what is -2202 - 220?
-10122
In base 14, what is 1 + 5c?
5d
In base 12, what is -2 + 66?
64
In base 12, what is -850 + 0?
-850
In base 12, what is -a + 6?
-4
In base 4, what is -1132 + -12?
-1210
In base 14, what is 19a - 1?
199
In base 8, what is -3763 - -2?
-3761
In base 3, what is -12 - 21211?
-22000
In base 10, what is -693 + -3?
-696
In base 14, what is -1 + -71a?
-71b
In base 11, what is -4 + 29?
25
In base 12, what is 5 - 492?
-489
In base 2, what is -1010010 + -1000?
-1011010
In base 2, what is 1 + 1010?
1011
In base 8, what is -1 - 1722?
-1723
In base 8, what is 50 - -13?
63
In base 13, what is -27 - 1?
-28
In base 12, what is 3 - -150?
153
In base 12, what is -2 + 14b?
149
In base 11, what is -29691 + 4?
-29688
In base 11, what is 5 + -378?
-373
In base 2, what is 10 - -110101?
110111
In base 12, what is 28 + 11?
39
In base 4, what is -121 + 313?
132
In base 3, what is 10 + 12?
22
In base 15, what is 144a - 1?
1449
In base 2, what is -111110 + -110?
-1000100
In base 12, what is -6709 - -5?
-6704
In base 10, what is 6 + 1929?
1935
In base 12, what is -5 + 68?
63
In base 16, what is 25 + 7?
2c
In base 16, what is 5 - -42f?
434
In base 5, what is 1403212 - -3?
1403220
In base 12, what is 2 + 13a?
140
In base 3, what is 2122 - -21?
2220
In base 3, what is -11 - -1022?
1011
In base 12, what is -8a + -26?
-b4
In base 7, what is 0 + -2063?
-2063
In base 10, what is -3571 - 1?
-3572
In base 7, what is 35 - 420?
-352
In base 13, what is -a - -12a?
120
In base 13, what is 2 - -78?
7a
In base 8, what is 167 - -14?
203
In base 16, what is 4a - 2a?
20
In base 4, what is -210 + -101?
-311
In base 13, what is 17 + -a6?
-8c
In base 3, what is -2000 + 12?
-1211
In base 3, what is -11121 + -220?
-12111
In base 6, what is -1524 - -4?
-1520
In base 10, what is -27 + -5?
-32
In base 4, what is 32 + 311?
1003
In base 15, what is -129 + -4?
-12d
In base 7, what is -455 + -2?
-460
In base 11, what is 2 - 99?
-97
In base 12, what is 2 - -631?
633
In base 12, what is -1948 + 2?
-1946
In base 10, what is -12 + 568?
556
In base 2, what is 1000 + -1000111111001?
-1000111110001
In base 15, what is -5a + -1d?
-78
In base 3, what is -1 + 111?
110
In base 9, what is 37 + 20?
57
In base 10, what is -198 + -1?
-199
In base 12, what is 3 + -163?
-160
In base 11, what is -5 + 6966?
6961
In base 11, what is -18 - 7?
-24
In base 4, what is 312 - 0?
312
In base 16, what is 0 - 92c?
-92c
In base 3, what is 12 - 222?
-210
In base 10, what is 1160 + -16?
1144
In base 6, what is -212 + 22?
-150
In base 4, what is -1223 - -11?
-1212
In base 16, what is -4e + -d?
-5b
In base 11, what is 111 - -5?
116
In base 8, what is 5 - 405?
-400
In base 10, what is 741 - 4?
737
In base 11, what is -52 + 2?
-50
In base 11, what is -3 + 732?
72a